 2*r - 5. Let o be n(7). Let m = 79 - o. Is m a prime number?
False
Let l = 28 - -92. Let x = -5 + l. Is x composite?
True
Suppose -15 = -4*m - m. Let z = m - -4. Suppose -z*r + 3*r = -132. Is r a prime number?
False
Let m(c) be the third derivative of c**5/20 + 5*c**4/24 + 3*c**3/2 - 7*c**2. Is m(7) prime?
True
Let c(v) = v**3 + 3*v**2 - 2*v + 3. Let u be c(-4). Let b(f) = -f**2 - 6*f - 4. Let n be b(u). Let g(r) = 127*r**3 - r**2 + 2*r - 1. Is g(n) a composite number?
False
Let f be (-2 + 1)*(-2 + 1). Let d(g) be the first derivative of 11*g**2 + g + 9. Is d(f) a composite number?
False
Suppose 122 = 3*l - 2*w - 102, l = -3*w + 82. Let s = 171 - l. Is s a composite number?
True
Let g = 8 + -4. Suppose 316 = 2*r + g*x - 474, 5*r = 4*x + 1975. Is r composite?
True
Let c = 4 + -1. Suppose y + l + c = 0, 0 = 3*y - l - 17 + 6. Suppose 31 - 1 = f + 3*g, y*g = f - 35. Is f a composite number?
True
Let t(a) be the second derivative of a**4/12 + a**3/2 + a**2/2 + a. Let f be (-54)/63*7*1. Is t(f) prime?
True
Suppose 0*y - y - 4 = 0, 126 = 2*h - 5*y. Is h a composite number?
False
Let u(z) = z**3 + 14*z**2 + 6*z + 24. Is u(-13) prime?
False
Let k(s) = -2*s - 6. Let z be k(-4). Suppose f - n + 2*n - 151 = 0, 4 = z*n. Is f a composite number?
False
Suppose -2*l - 3*l - 418 = -q, -2*l + 1203 = 3*q. Suppose -q = -2*g + 99. Is g a composite number?
False
Let r(n) = 882*n - 29. Is r(6) a prime number?
False
Let n be (-39)/12 + 3/(-4). Is n/6 + 1211/21 a composite number?
True
Let q = 401 + 57. Let w be 3*1 - (-10 + 11). Suppose 5*k = w*l - 125 + q, -k = -3*l - 77. Is k composite?
True
Suppose -3708 + 1220 = -4*f. Is f prime?
False
Let w = 95 + 128. Is w a prime number?
True
Is ((-4)/12)/(1/(-861)) composite?
True
Let v(p) = p**3 + 5*p**2 + 5. Let h be v(-4). Let b = 74 - h. Is b a prime number?
True
Let h = 5 + -2. Let n(a) = 3*a**2 + a + 1. Is n(h) a composite number?
False
Let b = 1663 + 90. Is b composite?
False
Let z = -1732 - -2547. Is z a prime number?
False
Let q(f) = -f**3 - 8*f**2 + 9*f + 10. Let x be -6 - (3 + 0/1). Is q(x) a composite number?
True
Let c be (4 - -3)*(-90)/(-7). Suppose -n + 55 + c = 0. Is n prime?
False
Suppose 2*h - 6 = 3*h. Let d(l) = -29*l**2 + 29*l + 2. Let t(q) = -10*q**2 + 10*q + 1. Let w(z) = h*d(z) + 17*t(z). Is w(5) prime?
False
Suppose 5*n = -30 + 10. Let r be n/(-2) - (1 - 2). Is -1*3/(r/(-7)) a prime number?
True
Let i(r) = -2*r - 4. Let a be i(-5). Let o be ((-4)/a)/((-10)/(-15)). Let b(s) = -20*s**3 - 1. Is b(o) composite?
False
Let d = -63 - 91. Let x = d + 405. Is x a prime number?
True
Suppose 0 = -i + 4*c + 15, -5*i - 2*c = c - 167. Is i prime?
True
Let q = 30 + -24. Suppose 4*m - 61 = -l, -5*m = 4*l - q*l + 174. Is l a prime number?
False
Let f = -524 + 2209. Is f a prime number?
False
Let x be (-6)/(-21) - 192/(-14). Is (-3)/(2 - 31/x) a composite number?
True
Suppose -t + 5674 = -b, 3*b = -t + 8834 - 25876. Is b/(-6)*2/3 a prime number?
True
Suppose -p = -612 + 193. Is p a composite number?
False
Let i = 792 - -97. Is i prime?
False
Let k be -2*(-1)/(4 - 3). Suppose k*f - 10 = 16. Is f a prime number?
True
Let p(l) = 58*l + 1. Let x = 5 + -2. Suppose -x*r + 0*r = -3. Is p(r) a composite number?
False
Suppose -4*r + 1049 = 3*d, -3*r - d - 4*d + 784 = 0. Is r prime?
True
Let x = -4 - -6. Let v(o) = o**2 + 7*o - 3. Let w(b) = 1. Let y(i) = x*w(i) + v(i). Is y(-8) prime?
True
Let k be -2 - (-147 + (-1)/1). Is 2 + (k - 1/(-1)) composite?
False
Let q(v) = 2*v**2 - 4. Let t be q(-2). Is 160/3 - t/12 prime?
True
Let r be (-1 - 2)/(-6)*30. Suppose l + 5*t = 4*l + 19, -3*l - r = -3*t. Is (-168)/l + 3*1 a composite number?
False
Suppose k = -3*k + 16. Let i be k/18 - (-212)/18. Is (1 + i*1)*3 a prime number?
False
Is 0 - (-706 - -3 - -2) a composite number?
False
Let w = 2167 + -1248. Is w composite?
False
Suppose -3*y - 2*y + 5*k + 6995 = 0, 0 = -k - 2. Is y prime?
False
Suppose -60 = -g + 25. Suppose -2*r - 4 - 12 = 0. Let v = r + g. Is v a prime number?
False
Suppose 0 = -3*h - 0 + 9. Is (-3)/h*(-116 + 3) composite?
False
Suppose 4*i - 5*z = 44, 2*z + 20 = -3*z. Let y = i - 3. Suppose -2*u - 4*w + 58 = 0, w - y*w - 47 = -3*u. Is u composite?
False
Suppose 0 = 4*u, -u + 228 = 2*q - 98. Is q a composite number?
False
Let k(m) = m**3 + 4*m**2 + 3*m. Let p be k(-2). Suppose -p*b = 3*t - 7*b + 4, t = -2*b + 6. Let z = 27 - t. Is z composite?
True
Suppose 0*m + 20 = 4*m. Let p be 6 - 3/((-6)/4). Let h = p - m. Is h a prime number?
True
Let i = -4 + 28. Suppose i + 16 = 4*q. Is q a prime number?
False
Suppose 3*k + 4*a - 682 = 263, -2*a = -5*k + 1601. Is k a prime number?
False
Let r = 42 + -19. Is r prime?
True
Let q(y) = -y**2 - 9*y - 4. Let j be q(-8). Suppose -l + j = -182. Is 6/(-9)*l/(-4) a composite number?
False
Is (-1745)/(-15) + 1 - (-2)/3 composite?
True
Suppose 3*c - 2*m + 70 = -3*m, c - 3*m + 10 = 0. Is 4/c + 2402/22 prime?
True
Is (-2)/(-6) - (-8204)/21 a composite number?
True
Suppose 13*d - 5*d - 4696 = 0. Is d a composite number?
False
Is 4/(-14) + 3885/49 a prime number?
True
Let r = -46 - -179. Let f = r - -316. Is f a composite number?
False
Suppose 5*o = o - 32. Let v(u) = 8*u - 20. Let a(z) = 2*z - 5. Let n(y) = -9*a(y) + 2*v(y). Is n(o) a composite number?
True
Let y = 14 - 4. Suppose -4*s + y = s. Is 732/20 + s/5 composite?
False
Let o = 69 - 37. Let k be (3/2)/(12/o). Is (-154)/k*(4 - 6) a composite number?
True
Let t(w) = -w**3 + w - 5. Suppose h + 10 = q, -3*h - 2*q = 8 - 3. Let m be t(h). Suppose -2*c = -7*c + m. Is c prime?
True
Suppose 9 = -3*s - 3. Let q = s - -7. Suppose -q*n + 6 = -2*n. Is n a prime number?
False
Let u be 118/(6/15*5). Let n = u + -28. Is n composite?
False
Suppose -2*u + 4*x - 3 = 3*x, -3 = u - x. Suppose 6*q - 3*q - 159 = u. Is q a prime number?
True
Suppose n + 20 - 106 = 0. Let b = n - 55. Suppose q = 2*q - b. Is q prime?
True
Let o(l) = 77*l + 2. Is o(7) a composite number?
False
Let d = -14 - -17. Suppose 0*c + 1624 = 4*l - 4*c, 2020 = 5*l - d*c. Is l a prime number?
True
Let r be (1/(-2))/((-1)/146). Let z = 38 + 18. Suppose z = b - r. Is b composite?
True
Let g = -300 - -208. Is (-3)/(280/g - -3) a prime number?
False
Suppose 5 + 70 = -j. Let t = 14 - j. Is t prime?
True
Suppose 10*y + 13 = 23. Let a be 22/5 + (-4)/10. Let w = a - y. Is w a composite number?
False
Let w(l) = -13*l**3 + 2*l**2 + 2*l + 3. Is w(-2) a prime number?
False
Suppose 32 = 3*c - 4*i, 3*c = -6*i + 4*i + 2. Suppose 2*u - 2*s + c*s - 96 = 0, 138 = 3*u + 5*s. Is u a composite number?
True
Let s(c) = c - 4. Let n be s(4). Let z = 2 + n. Suppose z*k + 3*k - 10 = 0. Is k prime?
True
Let b be (-792)/(-20) + 4/10. Is 5/(-2)*b/(-50) a composite number?
False
Suppose 3*x = 32 + 40. Suppose -3*y + x = y. Is (-78)/(-8)*16/y a composite number?
True
Let j = 57 + -10. Let z = 28 - j. Let m = z + 33. Is m composite?
True
Suppose 0 = -4*u + 5*d + 5469, 5*u + 3*d = -2*d + 6780. Is u composite?
False
Let y be (-2 - (-10)/6)*-12. Suppose y*o = o + 30. Is 67 + (-5)/(o/4) a prime number?
False
Suppose -5 - 1 = 2*x. Let u(z) = z**3 + z**2 - 3*z - 2. Let c be u(x). Is (c/(-2))/((-6)/(-36)) prime?
False
Suppose -5 = 2*x + w, 2*x - 3*w - 15 = -3*x. Suppose 4*u - 2*k = u - 38, -2*u - k - 16 = x. Let f = u - -16. Is f a prime number?
False
Suppose f = 223 - 3. Suppose -9*x + 4*x = 5*h - 380, -3*h + f = -x. Is h a prime number?
False
Let h be (12/10)/((-3)/(-10)). Suppose -j - 6 = -3*j + 3*b, -4*j = 2*b + 4. Suppose j*z - h*z = -364. Is z composite?
True
Suppose 4*a + z = 1071, 2*z - 175 = -2*a + 365. Is a a prime number?
False
Suppose 24*x - 8*x = 7088. Is x composite?
False
Let t be 7*39*(-2)/3. Let o = -103 - t. Is o a composite number?
False
Suppose -8*j + 2*j = -2238. Is j composite?
False
Let a be (-6)/3 + 1 - -101. Let m = 529 + a. Suppose -2*z = -5*k - 5*z + m, -3*k + 5*z = -391. Is k prime?
True
Let u(x) = 15*x + 14. Is u(5) a prime number?
True
Let o = 308 - 73. Is o prime?
False
Let m be 20/11 + 8/44. Is m/(-3)*(-4347)/18 a prime number?
False
Let b = 12 + -7. Suppose -b*u = -2*u - 357. Is u a prime number?
False
Suppose -2*a + 4*a = 412. Is a prime?
False
Suppose 0 = -7*i - i + 2056. Is i composite?
False
Let l(r) = r**2 + 3*r. Suppose -f + 2*y = -1 - 4, -2*y = -3*f - 1. Let a be l(f). Is 2 + (a - 1) + 36 